{"id":31773,"date":"2024-03-14T09:50:06","date_gmt":"2024-03-14T08:50:06","guid":{"rendered":"https:\/\/barrasparabares.com\/?page_id=31773"},"modified":"2024-03-14T09:57:13","modified_gmt":"2024-03-14T08:57:13","slug":"aviso-legal","status":"publish","type":"page","link":"https:\/\/barrasparabares.com\/index.php\/aviso-legal\/","title":{"rendered":"1.- Aviso legal"},"content":{"rendered":"\n<p>En cumplimiento de lo dispuesto en el art\u00edculo 10 de la Ley 34\/2002, de 11 de julio, de Servicios de la Sociedad de la Informaci\u00f3n y de comercio Electr\u00f3nico se pone a disposici\u00f3n de los usuarios del presente portal la siguiente informaci\u00f3n legal:<\/p>\n\n\n\n<p>NOMBRE Y APELLIDOS: CARMEN HERMOSILLA DEL TORO. NIF: 52826650C<\/p>\n\n\n\n<p>Domicilio social: AVENIDA DE LA PAZ, 25. 30.170 MULA. MURCIA. ESPA\u00d1A Correo electr\u00f3nico: CARPASFIESTA.COM@GMAIL.COM<\/p>\n\n\n\n<p>Tel\u00e9fono: 654387294<\/p>\n\n\n\n<p>El usuario, en virtud de la presente queda plenamente informado a los efectos descritos en el art\u00edculo 10 de la citada Ley 34\/2002, de 11 de julio, de Servicios de la Sociedad de la Informaci\u00f3n y de Comercio Electr\u00f3nico pudiendo contactar con CARPASFIESTA.COM de forma gratuita, r\u00e1pida y directa a trav\u00e9s de cualquiera de los medios arriba indicados.\u201d<\/p>\n","protected":false},"excerpt":{"rendered":"<p>En cumplimiento de lo dispuesto en el art\u00edculo 10 de la Ley 34\/2002, de 11 de julio, de Servicios de la Sociedad de la Informaci\u00f3n y de comercio Electr\u00f3nico se pone a disposici\u00f3n de los usuarios del presente portal la siguiente informaci\u00f3n legal: NOMBRE Y APELLIDOS: CARMEN HERMOSILLA DEL TORO. NIF: 52826650C Domicilio social: AVENIDA [&hellip;]<\/p>\n","protected":false},"author":1,"featured_media":0,"parent":0,"menu_order":0,"comment_status":"closed","ping_status":"closed","template":"","meta":{"footnotes":""},"class_list":["post-31773","page","type-page","status-publish","hentry"],"_links":{"self":[{"href":"https:\/\/barrasparabares.com\/index.php\/wp-json\/wp\/v2\/pages\/31773","targetHints":{"allow":["GET"]}}],"collection":[{"href":"https:\/\/barrasparabares.com\/index.php\/wp-json\/wp\/v2\/pages"}],"about":[{"href":"https:\/\/barrasparabares.com\/index.php\/wp-json\/wp\/v2\/types\/page"}],"author":[{"embeddable":true,"href":"https:\/\/barrasparabares.com\/index.php\/wp-json\/wp\/v2\/users\/1"}],"replies":[{"embeddable":true,"href":"https:\/\/barrasparabares.com\/index.php\/wp-json\/wp\/v2\/comments?post=31773"}],"version-history":[{"count":2,"href":"https:\/\/barrasparabares.com\/index.php\/wp-json\/wp\/v2\/pages\/31773\/revisions"}],"predecessor-version":[{"id":31781,"href":"https:\/\/barrasparabares.com\/index.php\/wp-json\/wp\/v2\/pages\/31773\/revisions\/31781"}],"wp:attachment":[{"href":"https:\/\/barrasparabares.com\/index.php\/wp-json\/wp\/v2\/media?parent=31773"}],"curies":[{"name":"wp","href":"https:\/\/api.w.org\/{rel}","templated":true}]}}